 divisor of 16 and 5464.
8
What is the highest common divisor of 31 and 5239?
31
Calculate the greatest common factor of 27 and 48.
3
Calculate the highest common factor of 43 and 688.
43
What is the highest common factor of 77 and 143?
11
What is the greatest common factor of 664 and 8?
8
What is the greatest common divisor of 81 and 1395?
9
What is the highest common factor of 28 and 896?
28
What is the greatest common factor of 1853 and 221?
17
Calculate the highest common factor of 44 and 913.
11
Calculate the greatest common factor of 8847 and 9.
9
What is the greatest common factor of 500 and 8?
4
Calculate the greatest common factor of 290 and 1798.
58
What is the greatest common factor of 3223 and 22?
11
What is the highest common divisor of 64 and 32?
32
What is the greatest common divisor of 53 and 106?
53
Calculate the greatest common factor of 64 and 16.
16
Calculate the highest common divisor of 9275 and 525.
175
What is the highest common factor of 15 and 80?
5
Calculate the greatest common factor of 39 and 195.
39
Calculate the greatest common factor of 420 and 1155.
105
What is the highest common divisor of 6 and 303?
3
What is the highest common factor of 70 and 154?
14
What is the greatest common factor of 146 and 36?
2
Calculate the highest common divisor of 42 and 2478.
42
Calculate the greatest common divisor of 155 and 5053.
31
What is the greatest common divisor of 305 and 580?
5
What is the greatest common divisor of 960 and 768?
192
What is the highest common factor of 52 and 65?
13
What is the greatest common divisor of 4528 and 16?
16
What is the greatest common factor of 100 and 240?
20
Calculate the greatest common factor of 93 and 3.
3
Calculate the greatest common divisor of 138 and 1633.
23
What is the highest common factor of 36 and 54?
18
What is the highest common factor of 134 and 2546?
134
Calculate the highest common divisor of 74 and 2923.
37
What is the highest common factor of 2325 and 75?
75
Calculate the highest common divisor of 8 and 3112.
8
What is the greatest common divisor of 155 and 875?
5
Calculate the highest common factor of 44 and 1804.
44
What is the greatest common factor of 6 and 38?
2
What is the greatest common factor of 250 and 1?
1
What is the greatest common divisor of 304 and 532?
76
What is the highest common factor of 168 and 2072?
56
What is the greatest common divisor of 119 and 21?
7
What is the greatest common factor of 1648 and 48?
16
What is the highest common factor of 4332 and 12?
12
What is the greatest common factor of 253 and 23?
23
Calculate the greatest common factor of 1904 and 17.
17
What is the greatest common divisor of 3406 and 26?
26
What is the greatest common factor of 17871 and 222?
111
Calculate the highest common divisor of 112 and 144.
16
What is the highest common divisor of 46 and 1196?
46
What is the highest common divisor of 5974 and 58?
58
Calculate the highest common factor of 2816 and 448.
64
Calculate the greatest common factor of 782 and 34.
34
What is the greatest common factor of 3 and 7?
1
Calculate the highest common divisor of 1068 and 60.
12
What is the highest common factor of 3266 and 138?
46
Calculate the greatest common divisor of 69 and 1242.
69
What is the highest common divisor of 21 and 9?
3
Calculate the highest common divisor of 39 and 26156.
13
Calculate the greatest common divisor of 175 and 7.
7
Calculate the greatest common factor of 110 and 88.
22
Calculate the highest common divisor of 1463 and 99.
11
What is the highest common divisor of 155 and 155?
155
Calculate the highest common factor of 8181 and 81.
81
Calculate the highest common factor of 600 and 10.
10
What is the highest common divisor of 40 and 115?
5
What is the greatest common divisor of 4624 and 4335?
289
Calculate the highest common factor of 396 and 88.
44
Calculate the highest common divisor of 48 and 30.
6
What is the highest common factor of 9 and 97227?
9
Calculate the highest common factor of 26 and 37700.
26
What is the greatest common divisor of 12 and 9?
3
Calculate the greatest common factor of 1540 and 15785.
385
What is the highest common factor of 112 and 1456?
112
What is the highest common divisor of 475 and 750?
25
Calculate the greatest common factor of 12 and 1644.
12
Calculate the highest common divisor of 78 and 1170.
78
Calculate the highest common factor of 24 and 1776.
24
What is the greatest common divisor of 1671 and 33?
3
What is the highest common divisor of 60 and 1020?
60
Calculate the greatest common factor of 9490 and 260.
130
What is the greatest common factor of 51 and 442?
17
Calculate the highest common divisor of 9 and 1107.
9
What is the highest common factor of 68 and 1300?
4
Calculate the greatest common divisor of 6 and 82.
2
Calculate the greatest common factor of 30 and 8270.
10
Calculate the highest common divisor of 510 and 102.
102
What is the greatest common factor of 2514 and 18?
6
Calculate the highest common factor of 360 and 10.
10
What is the highest common divisor of 121 and 3267?
121
Calculate the highest common factor of 147 and 144.
3
Calculate the highest common factor of 21 and 784.
7
Calculate the greatest common divisor of 609 and 8004.
87
Calculate the highest common divisor of 460 and 69.
23
Calculate the highest common factor of 70 and 660.
10
Calculate the greatest common divisor of 833 and 51.
17
What is the highest common factor of 29 and 638?
29
Calculate the greatest common factor of 4480 and 70.
70
What is the highest common factor of 5 and 15?
5
Calculate the highest common factor of 258 and 860.
86
Calculate the highest common factor of 55 and 25685.
55
Calculate the greatest common divisor of 976 and 512.
16
What is the greatest common divisor of 468 and 1?
1
What is the greatest common divisor of 180 and 80?
20
Calculate the highest common divisor of 18943 and 19.
19
Calculate the greatest common divisor of 238 and 816.
34
What is the greatest common divisor of 119 and 34?
17
What is the greatest common factor of 300 and 3975?
75
What is the highest common divisor of 275 and 400?
25
Calculate the greatest common divisor of 243 and 63.
9
Calculate the highest common divisor of 256 and 8.
8
Calculate the greatest common divisor of 56 and 344.
8
What is the highest common factor of 715 and 13?
13
What is the highest common factor of 846 and 18?
18
Calculate the highest common divisor of 70 and 42.
14
What is the highest common divisor of 190 and 30?
10
What is the highest common divisor of 54 and 45?
9
What is the highest common divisor of 208 and 13?
13
Calculate the greatest common factor of 250 and 3550.
50
What is the highest common divisor of 19 and 27417?
19
Calculate the highest common factor of 944 and 3245.
59
What is the highest common divisor of 928 and 224?
32
Calculate the highest common divisor of 564 and 384.
12
What is the highest common divisor of 185 and 5?
5
Calculate the highest common divisor of 5 and 2215.
5
What is the greatest common divisor of 12448 and 32?
32
Calculate the greatest common divisor of 65 and 1045.
5
Calculate the highest common factor of 13 and 8138.
13
What is the highest common divisor of 8 and 216?
8
What is the highest common factor of 10 and 144?
2
Calculate the highest common factor of 510 and 1360.
170
Calculate the highest common divisor of 3819 and 1608.
201
Calculate the greatest common factor of 160 and 630.
10
Calculate the greatest common factor of 2889 and 117.
9
Calculate the highest common divisor of 252 and 924.
84
Calculate the greatest common divisor of 5538 and 1136.
142
What is the highest common divisor of 4120 and 40?
40
Calculate the greatest common factor of 64 and 144.
16
What is the greatest common divisor of 12 and 12?
12
Calculate the greatest common factor of 814 and 370.
74
Calculate the greatest common factor of 69 and 3.
3
Calculate the greatest common divisor of 56 and 3752.
56
What is the highest common factor of 730 and 4?
2
What is the greatest common factor of 14 and 2?
2
Calculate the greatest common divisor of 8708 and 28.
28
What is the highest common factor of 19 and 12977?
19
What is the highest common factor of 84 and 112?
28
Calculate the greatest common factor of 7314 and 2544.
318
What is the highest